 (0 - (0 - 0)) + -2 + 0?
-2
What is -12 + 8 + -5 - -15?
6
What is the value of (1 - -4) + -14 + -2 + 4?
-7
What is the value of (-4 - -1 - 2) + 0?
-5
Evaluate -10 + 2 + (8 - (5 + -1)).
-4
(-1 - (-2 + -6)) + -12 + 8
3
What is -4 + 10 - (3 + -6 - -7)?
2
What is -12 + -3 + 7 + -8 + 7?
-9
What is the value of (7 - (-5 - (7 - 19))) + -7?
-7
Evaluate (2 - 6) + (-2 - -5) + -2.
-3
What is the value of (4 + -1 - -3 - 3) + -4?
-1
What is -5 + -1 + (10 - 9)?
-5
12 + -1 + 5 + -4 + -7
5
What is 1 + (6 - (6 - 2))?
3
What is 9 - 14 - (-1 - (6 + 1))?
3
What is 12 - (7 - (-6 - -6)) - 3?
2
(-2 - (0 + -9)) + -11
-4
What is -4 + 1 + -4 + 3?
-4
Evaluate 38 - 46 - (-3 + 0).
-5
What is 0 - -7 - (-14 - -17)?
4
(-5 - -4) + -2 + -3 - 0
-6
What is the value of -6 + 6 - 1 - -2?
1
(8 - 6 - 8) + (1 - -6)
1
What is (3 - 2) + 4 + -2?
3
Calculate -7 - (-17 - -2) - 3.
5
Evaluate 9 + -3 + -8 + 2.
0
What is 3 - (-7 - -3) - 1 - 4?
2
Evaluate 6 - (2 + 4) - (0 - 1).
1
What is the value of 6 - ((11 - -1) + -11)?
5
-11 + 14 + (1 - -6) + -3
7
What is the value of -10 - (-1 + -6 + -2 + 3)?
-4
What is 2 + (-6 - (-3 - 1)) + -3?
-3
3 + (-10 - -3) + 3 + 1
0
Evaluate 4 + 1 + -21 + 17.
1
What is the value of -1 + 4 + 4 + -4?
3
1 + -3 + 1 - (-5 - -2)
2
Calculate -1 + 1 + -5 - 0.
-5
Calculate -3 - 0 - -4 - -1.
2
-4 - -6 - (-1 - -2 - -1)
0
Calculate -5 - 3 - (8 + -18).
2
0 + -9 + -43 + 50
-2
Calculate (1 - ((-1 - 4) + 2)) + 1.
5
Calculate 5 + -13 + -1 + 4.
-5
0 + 40 + -42 + 0 + -4
-6
What is the value of (4 - (3 + 5)) + 2?
-2
What is the value of -1 + 4 + -37 + 32 - -2?
0
-74 + 69 + (6 - -1 - -2)
4
What is -1 + -1 + 13 + -1 + -8?
2
Calculate 3 + -1 + (-9 - -4).
-3
What is -1 - -1 - (10 + -6)?
-4
8 - (11 + (-4 - 2))
3
What is the value of -1 + -4 + (6 - -4)?
5
What is 1 + -8 + -5 + 6 + 2?
-4
What is -7 + (5 - 2) - -1?
-3
1 + (-9 + 4 - -3)
-1
Calculate (5 - 6) + 2 + 0 + -2.
-1
What is the value of -2 - -2 - 4 - (0 - 8)?
4
What is 4 + ((-7 - -5) + 3 - 3)?
2
What is 4 + -6 - (2 + (2 - 7))?
1
Calculate (0 - (-6 + 1)) + 91 + -93.
3
Calculate 3 + 1 + 8 + -13.
-1
Calculate 2 + -4 + 5 - 2.
1
4 - 13 - 0 - (9 - 16)
-2
What is 1 - (2 + -9 - -12) - 4?
-8
What is (-20 - -10 - -10) + -6?
-6
What is -1 - (2 - 7 - (-4 + 2))?
2
Evaluate (6 - 1) + -6 + -3 + 1.
-3
What is (-5 - -1) + 0 + 2?
-2
Calculate 6 - (11 - 7) - (3 + 2).
-3
What is -3 + (-14 - -5) - -4?
-8
Calculate -4 - (1 - (-9 + 20)).
6
5 + (3 - 8) + 1
1
Calculate 0 + -2 + 1 + -14 + 15.
0
Evaluate -3 + 5 - (1 - (-3 - -2)).
0
What is the value of -10 - (-6 - 2) - (4 - 2)?
-4
Evaluate (-5 - (-5 - -2)) + 1.
-1
Evaluate 1 + -2 + 4 + (19 - 22).
0
Evaluate -1 - 4 - (-3 + (3 - 2)).
-3
What is -7 + (2 - -5) - -8?
8
Evaluate -1 + (-1 - -2 - 2).
-2
(0 + 1 - 9) + -33 + 36
-5
What is 5 - 8 - 13 - -9?
-7
What is the value of (-2 - 3) + 6 - (1 + -1)?
1
Calculate 4 + -15 + 5 - 1.
-7
(2 - 0) + 1 + 2 + -12
-7
Calculate -3 - (-10 + (-8 - -12)).
3
What is -5 + 4 + -1 - -2?
0
What is 1 + (-9 - (7 - 3)) - -7?
-5
Evaluate 0 + 1 + (7 - (-7 - -12)).
3
Evaluate 0 - (-14 - -8 - -2).
4
What is -1 - (-13 - -7) - (1 - -6)?
-2
Calculate -16 + 26 - (-3 - -11).
2
Evaluate -5 - ((3 - -1) + -3 + -1).
-5
Calculate -5 - -14 - -2 - 4 - 3.
4
What is (-4 - -3) + -8 - -6?
-3
0 + -4 + 8 + -6
-2
What is the value of 2 - (-4 - -5 - 0)?
1
What is -15 + (-9 - (-8 + -12))?
-4
What is the value of 0 + -5 - (-10 - -4)?
1
What is the value of 6 + (-6 + -3 - -6)?
3
What is the value of -2 - (6 - (8 + 9 + -2))?
7
Calculate -1 + (0 - 1) + -5 + 13.
6
Calculate 2 + 0 + (61 - 59).
4
What is the value of -11 - (-3 - 2 - 3)?
-3
Calculate -2 + (-3 - -7) + -8 + 4.
-2
Calculate -4 + 5 - (4 + -2).
-1
Calculate (-7 - -2) + (4 - 1).
-2
What is (1 - 3) + 2 + -8 + 1?
-7
Calculate 0 - -2 - (93 - 94) - 3.
0
What is -4 - (-2 + 8) - -7?
-3
Calculate (-4 - (-5 - (5 - 6))) + 1.
1
Calculate 104 + -117 + (0 - -5).
-8
(16 - 2 - (-34 + 31)) + -8
9
What is (3 - (-10 - -12)) + 0 + 3?
4
What is -5 + (9 - 4) + 0 + 5?
5
What is the value of -25 + 17 - (-1 + (2 - 10))?
1
-1 + -2 + 5 + 2 - 4
0
Evaluate (1 - -1) + -18 + 16.
0
What is 4 - (7 - (-5 - (-4 + 1)))?
-5
Calculate (-2 + -14 - -3) + 18 + -12.
-7
Calculate -9 - (-15 - (-3 + (-5 - -11))).
9
Evaluate (0 - -4) + -4 - -4.
4
What is the value of 1 - 4 - (13 - (-13 - -25))?
-4
Calculate 19 - -5 - 14 - 9.
1
What is -4 + 2 + -3 + 2 + 3?
0
What is 1 + -1 + 13 + -5 + -4?
4
Calculate -2 + (-3 + 4 - -1).
0
What is the value of 8 - (2 - -1) - 1 - -1?
5
Evaluate -5 + 1 + 8 - 5.
-1
Calculate 2 + 0 + -27 + 16.
-9
6 + -1 - ((1 - 2) + 1)
5
(-11 - -6) + -1 - (-3 - 2)
-1
What is the value of 1 - (1 + -1 + 2 + 1)?
-2
Calculate -1 - ((0 - 1) + (-31 - -39)).
-8
What is 91 - 86 - (0 + 8)?
-3
Calculate 7 - (0 + -6) - 11.
2
What is the value of 6 + -1 - -4 - 5?
4
What is the value of 3 - 15 - -4 - -3?
-5
Evaluate 6 + (-6 - 1) + -5.
-6
Calculate -2 + 1 + -12 + 12.
-1
Evaluate 12 + 12 + -20 - 6.
-2
What is the value of -1 + -22 + 13 + 4?
-6
Calculate -14 + -7 + 4 + 12.
-5
What is (-2 - -2) + -1 - -6?
5
What is -12 + 12 + (0 - -5) + -13?
-8
What is -5 + 1 + -12 + 15 + -3?
-4
Evaluate -2 + (-3 - -22) + (-1 - 7).
9
Calculate (-4 - (6 - 1)) + 6.
-3
-3 - ((3 - 2) + (-1 - -1))
-4
Evaluate -5 - (4 + -6) - (3 - 1).
-5
-1 + (-2 - ((3 - 1) + -5))
0
Evaluate 5 + -5 + 7 - 2.
5
What is the value of 1 - (0 + 2) - (1 + 4)?
-6
6 + -9 + -2 + (8 - -1)
4
What is 18 + -19 + (0 - 4)?
-5
What is 2 + (-11 - (7 + -8)) + 5?
-3
5 + (4 - 8) + -4
-3
-2 + -2 + (14 - 13)
-3
What is 8 - (16 - 9) - -1?
2
Evaluate -1 - -4 - (-9 + 7).
5
What is the value of (-5 - (2 + -2)) + 2?
-3
Calculate (-32 - -27 - (-2 + 0)) + 4.
1
0 + -9 - (5 + (-3 - 9))
-2
-16 - 0 - (-50 - -43)
-9
1 - 1 - (5 + -1) - -3
-1
Evaluate 1 - (-16 - -11) - 3.
3
-2 - 0 - (-6 + (8 - 4))
0
46 - 46 - (1 - 3 - -8)
-6
Evaluate 3 - (-1 - (-4 + -4) - 3).
-1
What is 3 + -1 - (6 + -7 - 0)?
3
Calculate -2 + 5 - (5 + -5 + 1).
2
Evaluate 4 + (-8 + 3 - -6).
5
What is the value of -3 - (-4 - (3 + -5 + 0))?
-1
-4 + 9 - 2 - (6 + 2)
-5
What is the value of 3 - (8 + (14 - 12))?
-7
What is 0 - (-6 + (3 - 1))?
4
-4 - (-4 + 6 + -1 - 3)
-2
Calculate 4 + (-6 - (6 + -3)).
-5
Calculate -7 - (4 + -8) - -8.
5
0 + (-8 + 7 - 5)
-6
What is the value of -2 - -6 - (2 + 1 - 1)?
2
What is (-3 - (6 + -1)) + 7?
-1
Calculate 3 + 10 + (-5 - -3) + -2.
9
Calculate -26 + 25 + (-2 - -8) + -13.
-8
Calculate 1 + -2 - 1 - (3 + -3).
-2
What is the value of 0 - (6 + -2) - -5 - 8?
-7
What is -1 - (-3 + 3) - -5?
4
Calculate (-2 + 7 + -9 - -10) + 2.
8
What is 9 + (14 - 7) + -21?
-5
What is 1 - (1 + -1 - (3 - 6))?
-2
Calculate 1 + -9 + 5 + 2.
-1
4 + 6 + (5 - (-6 + 16))
5
-1 + 3 - (2 + (3 - 8))
5
What is the value of (10 - 23) + 5 + 1 - -1?
-6
What is (-58 - -55) + (0 - 1)?
-4
Evaluate -6 - (-3 + -2) - 2.
-3
What is the value of (55 - 46) + -5 + 1?
5
What is the value of 3 + 0 + (-7 + 0 - -1)?
-3
What is (-2 + 1 - -3) + 19 + -20?
1
Evaluate -5 + 3 + -6 + 4.
-4
What is the value of -6 + (-15 - -20 - -3)?
2
1 + 2 + 3 + -5
1
What is -4 + (6 - (-1 + 3 + -1))?
1
Evaluate 2 + 2 + -3 + -1 + -1.
-1
What is (6 - (-3 + 11)) + 0?
-2
Evaluate (0 - -4) + -7 + (-1 - 1).
-5
Calculate 6 + (-2 - 1 - 1).
2
What is 1 + -8 - 1 - (-87 + 81)?
-2
-1 - (8 - 4) - (11 - 9)
-7
Evaluate 1 + 1 + (-19 - 0) + 14.
-3
What is the value of 4 + (3 - (-2 + 17 + -6))?
-2
Evaluate -1 - 4 - (1 + -3) - -5.
2
What is -7 - -6 - (-1 + 6 - 1)?
-5
Calculate (2 - 1) + 11 + -8 + 0.
4
What is 1 + 1 - (0 - (-4 - 5))?
-7
Calculate -3 + 1 + 20 + -9.
9
What is 8 - ((-5 - -11) + -4)?
6
What is the value of -1 - (13 - (-4 + 15))?
-3
What is the value of 1 + (4 - 4) + -5 + 0?
-4
Evaluate 4 + -1 + 1 + (-6 - -5).
3
Evaluate (-4 - -1) + 1 + -1 + 8.
5
Calculate 2 - ((-6 - -3) + 2 + 5).
-2
Evaluate 3 + (0 - 4) + 1 + 3.
3
What is 9 + (-4 - (-2 - (-7 + 5)))?
5
Evaluate 5 + 1 - (0 - -4).
2
Evaluate -7 + 4 + 4 + -5.
-4
Evaluate -7 - (-4 - 1 - 1).
-1
Calculate -5 + 19 + -7 + -8.
-1
Evaluate -6 + 14 + -8 - (2 - 1).
-1
Evaluate (0 - 0 - -1 - 3) + 1.
-1
Evaluate 1 - (-10 + 2 - -14).
-5
What is the value of (-1 + 25 + -6 - 3) + -7?
8
What is the value of -14 + 1 + 7 + 0?
-6
What is (-5 + 8 - 6) + 2?
-1
What is -6 + -5 + 5 + 2 + -2?
-6
Evaluate -2 + 4 + 3 + -3.
2
Calculate -12 - -1 - (-17 - -13).
-7
What is the value of (-1 + 0 - -1) + -2?
-2
What is 33 + -45 + 9 + 1?
-2
Evaluate -5 - 4 - (